{"id":2281,"date":"2022-01-12T20:44:54","date_gmt":"2022-01-12T17:44:54","guid":{"rendered":"http:\/\/suleymankumbasar.com\/?page_id=2281"},"modified":"2022-01-13T21:04:04","modified_gmt":"2022-01-13T18:04:04","slug":"revizyon-burun-estetigi","status":"publish","type":"page","link":"https:\/\/suleymankumbasar.com\/?page_id=2281","title":{"rendered":"REV\u0130ZYON BURUN ESTET\u0130\u011e\u0130"},"content":{"rendered":"\t\t<div data-elementor-type=\"wp-page\" data-elementor-id=\"2281\" class=\"elementor elementor-2281\">\n\t\t\t\t\t\t<section class=\"elementor-section elementor-top-section elementor-element elementor-element-a7bcdf8 elementor-section-boxed elementor-section-height-default elementor-section-height-default\" data-id=\"a7bcdf8\" data-element_type=\"section\" data-e-type=\"section\">\n\t\t\t\t\t\t<div class=\"elementor-container elementor-column-gap-default\">\n\t\t\t\t\t<div class=\"elementor-column elementor-col-100 elementor-top-column elementor-element elementor-element-2a6dbfa ot-flex-column-vertical\" data-id=\"2a6dbfa\" data-element_type=\"column\" data-e-type=\"column\">\n\t\t\t<div class=\"elementor-widget-wrap elementor-element-populated\">\n\t\t\t\t\t\t<div class=\"elementor-element elementor-element-70b32ff elementor-widget elementor-widget-heading\" data-id=\"70b32ff\" data-element_type=\"widget\" data-e-type=\"widget\" data-widget_type=\"heading.default\">\n\t\t\t\t<div class=\"elementor-widget-container\">\n\t\t\t\t\t<h2 class=\"elementor-heading-title elementor-size-default\">Revizyon Burun Esteti\u011fi<\/h2>\t\t\t\t<\/div>\n\t\t\t\t<\/div>\n\t\t\t\t<div class=\"elementor-element elementor-element-4ae2642 elementor-widget elementor-widget-text-editor\" data-id=\"4ae2642\" data-element_type=\"widget\" data-e-type=\"widget\" data-widget_type=\"text-editor.default\">\n\t\t\t\t<div class=\"elementor-widget-container\">\n\t\t\t\t\t\t\t\t\t<p>Daha \u00f6nce estetik ameliyat\u0131 ge\u00e7irmi\u015f ki\u015filere uygulanan bu cerrahi m\u00fcdahale, estetik i\u015flem sonucunu d\u00fczeltmek veya tekrar olu\u015fan nefes alma g\u00fc\u00e7l\u00fc\u011f\u00fcn\u00fc gidermek i\u00e7in yap\u0131lmaktad\u0131r. Estetik g\u00f6r\u00fcn\u00fcm\u00fc d\u00fczeltmek i\u00e7in yap\u0131ld\u0131\u011f\u0131nda \u00e7e\u015fitli a\u015famalar\u0131 bar\u0131nd\u0131rmaktad\u0131r. \u00c7ok fazla doku \u00e7\u0131kar\u0131lmas\u0131na ba\u011fl\u0131 olarak olu\u015fan \u015fekil bozukluklar\u0131 genellikle b\u00f6lgeye v\u00fccudun kulak ya da kaburga b\u00f6lgesinden elde edilen doku greftlerinin bu b\u00f6lgeye nakledilmesi ile d\u00fczeltilmektedir.<\/p>\t\t\t\t\t\t\t\t<\/div>\n\t\t\t\t<\/div>\n\t\t\t\t\t<\/div>\n\t\t<\/div>\n\t\t\t\t\t<\/div>\n\t\t<\/section>\n\t\t\t\t<\/div>\n\t\t","protected":false},"excerpt":{"rendered":"<p>Revizyon Burun Esteti\u011fi Daha \u00f6nce estetik ameliyat\u0131 ge\u00e7irmi\u015f ki\u015filere uygulanan bu cerrahi m\u00fcdahale, estetik i\u015flem sonucunu d\u00fczeltmek veya tekrar olu\u015fan nefes alma g\u00fc\u00e7l\u00fc\u011f\u00fcn\u00fc gidermek i\u00e7in yap\u0131lmaktad\u0131r. Estetik g\u00f6r\u00fcn\u00fcm\u00fc d\u00fczeltmek i\u00e7in yap\u0131ld\u0131\u011f\u0131nda \u00e7e\u015fitli a\u015famalar\u0131 bar\u0131nd\u0131rmaktad\u0131r. \u00c7ok fazla doku \u00e7\u0131kar\u0131lmas\u0131na ba\u011fl\u0131 olarak olu\u015fan \u015fekil bozukluklar\u0131 genellikle b\u00f6lgeye v\u00fccudun kulak ya da kaburga b\u00f6lgesinden elde edilen doku greftlerinin [&hellip;]<\/p>\n","protected":false},"author":1,"featured_media":0,"parent":0,"menu_order":0,"comment_status":"closed","ping_status":"closed","template":"","meta":{"footnotes":""},"class_list":["post-2281","page","type-page","status-publish","hentry"],"_links":{"self":[{"href":"https:\/\/suleymankumbasar.com\/index.php?rest_route=\/wp\/v2\/pages\/2281","targetHints":{"allow":["GET"]}}],"collection":[{"href":"https:\/\/suleymankumbasar.com\/index.php?rest_route=\/wp\/v2\/pages"}],"about":[{"href":"https:\/\/suleymankumbasar.com\/index.php?rest_route=\/wp\/v2\/types\/page"}],"author":[{"embeddable":true,"href":"https:\/\/suleymankumbasar.com\/index.php?rest_route=\/wp\/v2\/users\/1"}],"replies":[{"embeddable":true,"href":"https:\/\/suleymankumbasar.com\/index.php?rest_route=%2Fwp%2Fv2%2Fcomments&post=2281"}],"version-history":[{"count":5,"href":"https:\/\/suleymankumbasar.com\/index.php?rest_route=\/wp\/v2\/pages\/2281\/revisions"}],"predecessor-version":[{"id":2599,"href":"https:\/\/suleymankumbasar.com\/index.php?rest_route=\/wp\/v2\/pages\/2281\/revisions\/2599"}],"wp:attachment":[{"href":"https:\/\/suleymankumbasar.com\/index.php?rest_route=%2Fwp%2Fv2%2Fmedia&parent=2281"}],"curies":[{"name":"wp","href":"https:\/\/api.w.org\/{rel}","templated":true}]}}