{"id":2250,"date":"2022-01-12T00:35:40","date_gmt":"2022-01-11T21:35:40","guid":{"rendered":"http:\/\/suleymankumbasar.com\/?page_id=2250"},"modified":"2022-01-13T21:06:35","modified_gmt":"2022-01-13T18:06:35","slug":"nazal-septum-deviasyonu","status":"publish","type":"page","link":"https:\/\/suleymankumbasar.com\/?page_id=2250","title":{"rendered":"NAZAL SEPTUM DEV\u0130ASYONU"},"content":{"rendered":"\t\t<div data-elementor-type=\"wp-page\" data-elementor-id=\"2250\" class=\"elementor elementor-2250\">\n\t\t\t\t\t\t<section class=\"elementor-section elementor-top-section elementor-element elementor-element-1638c486 elementor-section-boxed elementor-section-height-default elementor-section-height-default\" data-id=\"1638c486\" data-element_type=\"section\" data-e-type=\"section\">\n\t\t\t\t\t\t<div class=\"elementor-container elementor-column-gap-default\">\n\t\t\t\t\t<div class=\"elementor-column elementor-col-100 elementor-top-column elementor-element elementor-element-3d28076a ot-flex-column-vertical\" data-id=\"3d28076a\" data-element_type=\"column\" data-e-type=\"column\">\n\t\t\t<div class=\"elementor-widget-wrap elementor-element-populated\">\n\t\t\t\t\t\t<div class=\"elementor-element elementor-element-7e6629a5 elementor-widget elementor-widget-heading\" data-id=\"7e6629a5\" data-element_type=\"widget\" data-e-type=\"widget\" data-widget_type=\"heading.default\">\n\t\t\t\t<div class=\"elementor-widget-container\">\n\t\t\t\t\t<h2 class=\"elementor-heading-title elementor-size-default\">Nazal Septum Deviasyonu<\/h2>\t\t\t\t<\/div>\n\t\t\t\t<\/div>\n\t\t\t\t<div class=\"elementor-element elementor-element-6e175edc elementor-widget elementor-widget-text-editor\" data-id=\"6e175edc\" data-element_type=\"widget\" data-e-type=\"widget\" data-widget_type=\"text-editor.default\">\n\t\t\t\t<div class=\"elementor-widget-container\">\n\t\t\t\t\t\t\t\t\t<p>Nazal septum deviasyonu bir di\u011fer ad\u0131yla burun e\u011frili\u011fi, burunun iki burun deli\u011fi aras\u0131nda orta k\u0131sm\u0131nda yer alan kemik ve k\u0131k\u0131rdak dokuda \u015fekil bozuklu\u011fudur. Burun kemik ve k\u0131k\u0131rdak yap\u0131s\u0131nda genetik fakt\u00f6rlerden kaynakl\u0131 do\u011fu\u015ftan veya d\u0131\u015far\u0131dan al\u0131nan bir darbeye ba\u011fl\u0131 olarak sonradan olu\u015fan \u015fekil bozukluklar\u0131 olabilir. Burnun kemikli veya yamuk g\u00f6r\u00fcnt\u00fcs\u00fc ki\u015filerde rahats\u0131zl\u0131k hissi meydana getirebilir. Bu g\u00f6r\u00fcnt\u00fc kimi zaman d\u0131\u015far\u0131dan g\u00f6r\u00fclen ve sadece estetik olarak rahats\u0131zl\u0131k veren bir durum olsa da \u00e7o\u011fu zaman nefes alma g\u00fc\u00e7l\u00fc\u011f\u00fc ve \u015fekil bozuklu\u011fu bir arada g\u00f6r\u00fclmektedir. Burun e\u011frili\u011fi problemi ki\u015filerde \u00e7e\u015fitli rahats\u0131zl\u0131klara sebep olarak ya\u015fam kalitesini d\u00fc\u015f\u00fcrebilir.\u00a0<\/p>\t\t\t\t\t\t\t\t<\/div>\n\t\t\t\t<\/div>\n\t\t\t\t\t<\/div>\n\t\t<\/div>\n\t\t\t\t\t<\/div>\n\t\t<\/section>\n\t\t\t\t<section class=\"elementor-section elementor-top-section elementor-element elementor-element-c80cc43 elementor-section-boxed elementor-section-height-default elementor-section-height-default\" data-id=\"c80cc43\" data-element_type=\"section\" data-e-type=\"section\">\n\t\t\t\t\t\t<div class=\"elementor-container elementor-column-gap-default\">\n\t\t\t\t\t<div class=\"elementor-column elementor-col-100 elementor-top-column elementor-element elementor-element-7512d63 ot-flex-column-vertical\" data-id=\"7512d63\" data-element_type=\"column\" data-e-type=\"column\">\n\t\t\t<div class=\"elementor-widget-wrap elementor-element-populated\">\n\t\t\t\t\t\t<div class=\"elementor-element elementor-element-52e39dd elementor-widget elementor-widget-heading\" data-id=\"52e39dd\" data-element_type=\"widget\" data-e-type=\"widget\" data-widget_type=\"heading.default\">\n\t\t\t\t<div class=\"elementor-widget-container\">\n\t\t\t\t\t<h2 class=\"elementor-heading-title elementor-size-default\">Nazal Septal Deviasyon \u015eikayetleri Nelerdir?<\/h2>\t\t\t\t<\/div>\n\t\t\t\t<\/div>\n\t\t\t\t<div class=\"elementor-element elementor-element-08d09a5 elementor-widget elementor-widget-text-editor\" data-id=\"08d09a5\" data-element_type=\"widget\" data-e-type=\"widget\" data-widget_type=\"text-editor.default\">\n\t\t\t\t<div class=\"elementor-widget-container\">\n\t\t\t\t\t\t\t\t\t<p>Nazal septal deviasyonda ilk g\u00f6r\u00fclen \u015fikayet burun t\u0131kan\u0131kl\u0131\u011f\u0131 olmaktad\u0131r. Bununla birlikte ki\u015filerde, a\u011f\u0131zdan nefes alma, a\u011fz\u0131 a\u00e7\u0131k uyuma ve buna ba\u011fl\u0131 olarak bo\u011faz b\u00f6lgesinde kuruluk, yorgun uyanma, horlama, uyku apnesi, s\u0131kl\u0131kla \u00fcst solunum yolu rahats\u0131zl\u0131\u011f\u0131 ge\u00e7irme, sin\u00fczit ve geniz ak\u0131nt\u0131s\u0131 yer almaktad\u0131r. Bunlarla birlikte uzun s\u00fcreli \u00f6ne ge\u00e7ilmeyen \u015fikayetler daha ciddi sonu\u00e7lara neden olabilmektedir. Verimli nefes al\u0131namamas\u0131 v\u00fccudun yeteri miktarda oksijen alamamas\u0131 ile sonu\u00e7lan\u0131r. Buna ba\u011fl\u0131 olarak ba\u015fta hipertansiyon olmak \u00fczere, diyabet, kalp yetmezli\u011fi, hormonsal dengesizlikler g\u00f6r\u00fclebilmektedir.<\/p>\t\t\t\t\t\t\t\t<\/div>\n\t\t\t\t<\/div>\n\t\t\t\t\t<\/div>\n\t\t<\/div>\n\t\t\t\t\t<\/div>\n\t\t<\/section>\n\t\t\t\t<section class=\"elementor-section elementor-top-section elementor-element elementor-element-f6a0d70 elementor-section-boxed elementor-section-height-default elementor-section-height-default\" data-id=\"f6a0d70\" data-element_type=\"section\" data-e-type=\"section\">\n\t\t\t\t\t\t<div class=\"elementor-container elementor-column-gap-default\">\n\t\t\t\t\t<div class=\"elementor-column elementor-col-100 elementor-top-column elementor-element elementor-element-178e473 ot-flex-column-vertical\" data-id=\"178e473\" data-element_type=\"column\" data-e-type=\"column\">\n\t\t\t<div class=\"elementor-widget-wrap elementor-element-populated\">\n\t\t\t\t\t\t<div class=\"elementor-element elementor-element-7ca3213 elementor-widget elementor-widget-heading\" data-id=\"7ca3213\" data-element_type=\"widget\" data-e-type=\"widget\" data-widget_type=\"heading.default\">\n\t\t\t\t<div class=\"elementor-widget-container\">\n\t\t\t\t\t<h2 class=\"elementor-heading-title elementor-size-default\">Nazal Septal Deviasyon Tedavisi<\/h2>\t\t\t\t<\/div>\n\t\t\t\t<\/div>\n\t\t\t\t<div class=\"elementor-element elementor-element-e01c0d1 elementor-widget elementor-widget-text-editor\" data-id=\"e01c0d1\" data-element_type=\"widget\" data-e-type=\"widget\" data-widget_type=\"text-editor.default\">\n\t\t\t\t<div class=\"elementor-widget-container\">\n\t\t\t\t\t\t\t\t\t<p>Nazal Septal Deviasyon tedavisi cerrahi m\u00fcdahale ile t\u0131kan\u0131kl\u0131\u011fa sebep olan kemik ve k\u0131k\u0131rdak dokunun d\u00fczeltilmesidir. Lokal anestezi alt\u0131nda ger\u00e7ekle\u015ftirilen operasyonda burun kesilmesine ve a\u00e7\u0131lmas\u0131na gerek kalmadan burun deliklerinden girilerek i\u015flem ger\u00e7ekle\u015ftirilir. Diki\u015flerin i\u00e7eride yer almas\u0131 ve burun d\u0131\u015f\u0131nda kesik a\u00e7\u0131lmamas\u0131 burunda herhangi bir \u015fekil de\u011fi\u015fimi olu\u015fumuna sebep olmamaktad\u0131r. Mukoza ve kanl\u0131 s\u0131v\u0131y\u0131 emmesi ad\u0131na ameliyat sonras\u0131nda her iki burun deli\u011fine tampon yerle\u015ftirilir. Bu tamponlar 1- 3 g\u00fcn aras\u0131nda burunda kal\u0131r ve ard\u0131ndan \u00e7\u0131kar\u0131l\u0131r. Ki\u015filer ameliyat sonras\u0131 1 g\u00fcnl\u00fck istirahat ard\u0131ndan g\u00fcnl\u00fck hayatlar\u0131na rahatl\u0131kla devam edebilmektedir. Ameliyat sonras\u0131nda burun \u00e7evresinde ve g\u00f6z altlar\u0131nda herhangi bir morarma veya \u015fi\u015flik olu\u015fumu g\u00f6r\u00fclmemektedir. Tam anlam\u0131yla iyile\u015fme 15- 20 g\u00fcn i\u00e7erisinde sa\u011flan\u0131r. Ameliyat sonras\u0131 d\u00fczenli doktor kontrol\u00fcne gitmek \u00f6nemli bir noktad\u0131r. Ameliyat ve iyile\u015fme ard\u0131ndan ki\u015filer rahatl\u0131kla nefes alabilmeye ba\u015flamaktad\u0131r.<\/p>\t\t\t\t\t\t\t\t<\/div>\n\t\t\t\t<\/div>\n\t\t\t\t\t<\/div>\n\t\t<\/div>\n\t\t\t\t\t<\/div>\n\t\t<\/section>\n\t\t\t\t<\/div>\n\t\t","protected":false},"excerpt":{"rendered":"<p>Nazal Septum Deviasyonu Nazal septum deviasyonu bir di\u011fer ad\u0131yla burun e\u011frili\u011fi, burunun iki burun deli\u011fi aras\u0131nda orta k\u0131sm\u0131nda yer alan kemik ve k\u0131k\u0131rdak dokuda \u015fekil bozuklu\u011fudur. Burun kemik ve k\u0131k\u0131rdak yap\u0131s\u0131nda genetik fakt\u00f6rlerden kaynakl\u0131 do\u011fu\u015ftan veya d\u0131\u015far\u0131dan al\u0131nan bir darbeye ba\u011fl\u0131 olarak sonradan olu\u015fan \u015fekil bozukluklar\u0131 olabilir. Burnun kemikli veya yamuk g\u00f6r\u00fcnt\u00fcs\u00fc ki\u015filerde rahats\u0131zl\u0131k hissi [&hellip;]<\/p>\n","protected":false},"author":1,"featured_media":0,"parent":0,"menu_order":0,"comment_status":"closed","ping_status":"closed","template":"","meta":{"footnotes":""},"class_list":["post-2250","page","type-page","status-publish","hentry"],"_links":{"self":[{"href":"https:\/\/suleymankumbasar.com\/index.php?rest_route=\/wp\/v2\/pages\/2250","targetHints":{"allow":["GET"]}}],"collection":[{"href":"https:\/\/suleymankumbasar.com\/index.php?rest_route=\/wp\/v2\/pages"}],"about":[{"href":"https:\/\/suleymankumbasar.com\/index.php?rest_route=\/wp\/v2\/types\/page"}],"author":[{"embeddable":true,"href":"https:\/\/suleymankumbasar.com\/index.php?rest_route=\/wp\/v2\/users\/1"}],"replies":[{"embeddable":true,"href":"https:\/\/suleymankumbasar.com\/index.php?rest_route=%2Fwp%2Fv2%2Fcomments&post=2250"}],"version-history":[{"count":5,"href":"https:\/\/suleymankumbasar.com\/index.php?rest_route=\/wp\/v2\/pages\/2250\/revisions"}],"predecessor-version":[{"id":2619,"href":"https:\/\/suleymankumbasar.com\/index.php?rest_route=\/wp\/v2\/pages\/2250\/revisions\/2619"}],"wp:attachment":[{"href":"https:\/\/suleymankumbasar.com\/index.php?rest_route=%2Fwp%2Fv2%2Fmedia&parent=2250"}],"curies":[{"name":"wp","href":"https:\/\/api.w.org\/{rel}","templated":true}]}}