{"id":1747,"date":"2021-11-27T16:01:58","date_gmt":"2021-11-27T13:01:58","guid":{"rendered":"http:\/\/suleymankumbasar.com\/?page_id=1747"},"modified":"2022-01-19T14:16:38","modified_gmt":"2022-01-19T11:16:38","slug":"saglik-kosesi","status":"publish","type":"page","link":"https:\/\/suleymankumbasar.com\/?page_id=1747","title":{"rendered":"SA\u011eLIK K\u00d6\u015eES\u0130"},"content":{"rendered":"\t\t<div data-elementor-type=\"wp-page\" data-elementor-id=\"1747\" class=\"elementor elementor-1747\">\n\t\t\t\t\t\t<section class=\"elementor-section elementor-top-section elementor-element elementor-element-1e58afe elementor-section-boxed elementor-section-height-default elementor-section-height-default\" data-id=\"1e58afe\" data-element_type=\"section\" data-e-type=\"section\">\n\t\t\t\t\t\t<div class=\"elementor-container elementor-column-gap-default\">\n\t\t\t\t\t<div class=\"elementor-column elementor-col-25 elementor-top-column elementor-element elementor-element-9f6b647 ot-flex-column-vertical elementor-invisible\" data-id=\"9f6b647\" data-element_type=\"column\" data-e-type=\"column\" data-settings=\"{&quot;animation&quot;:&quot;fadeIn&quot;}\">\n\t\t\t<div class=\"elementor-widget-wrap elementor-element-populated\">\n\t\t\t\t\t\t<div class=\"elementor-element elementor-element-9c61c83 elementor-widget elementor-widget-image\" data-id=\"9c61c83\" data-element_type=\"widget\" data-e-type=\"widget\" data-widget_type=\"image.default\">\n\t\t\t\t<div class=\"elementor-widget-container\">\n\t\t\t\t\t\t\t\t\t\t\t\t\t\t\t<img decoding=\"async\" width=\"200\" height=\"200\" src=\"https:\/\/suleymankumbasar.com\/wp-content\/uploads\/2022\/01\/rinopalsti-kimlere-uyg.jpg\" class=\"attachment-large size-large wp-image-2685\" alt=\"\" srcset=\"https:\/\/suleymankumbasar.com\/wp-content\/uploads\/2022\/01\/rinopalsti-kimlere-uyg.jpg 200w, https:\/\/suleymankumbasar.com\/wp-content\/uploads\/2022\/01\/rinopalsti-kimlere-uyg-150x150.jpg 150w\" sizes=\"(max-width: 200px) 100vw, 200px\" \/>\t\t\t\t\t\t\t\t\t\t\t\t\t\t\t<\/div>\n\t\t\t\t<\/div>\n\t\t\t\t<div class=\"elementor-element elementor-element-da42adb elementor-widget elementor-widget-heading\" data-id=\"da42adb\" data-element_type=\"widget\" data-e-type=\"widget\" data-widget_type=\"heading.default\">\n\t\t\t\t<div class=\"elementor-widget-container\">\n\t\t\t\t\t<h2 class=\"elementor-heading-title elementor-size-default\">Rinoplasti Kimlere Uygulan\u0131r?\n<\/h2>\t\t\t\t<\/div>\n\t\t\t\t<\/div>\n\t\t\t\t<div class=\"elementor-element elementor-element-889c7b9 elementor-widget elementor-widget-text-editor\" data-id=\"889c7b9\" data-element_type=\"widget\" data-e-type=\"widget\" data-widget_type=\"text-editor.default\">\n\t\t\t\t<div class=\"elementor-widget-container\">\n\t\t\t\t\t\t\t\t\t<p>\u0130nsan y\u00fcz\u00fcndeki en dikkat \u00e7ekici organlardan biri olan burundaki yap\u0131sal bozukluklar, ki\u015finin sosyal ve psikolojik a\u00e7\u0131dan olumsuz etkilenmesinin yan\u0131 s\u0131ra \u00f6nemli sa\u011fl\u0131k sorunlar\u0131na da yol a\u00e7abilir.<\/p>\t\t\t\t\t\t\t\t<\/div>\n\t\t\t\t<\/div>\n\t\t\t\t<div class=\"elementor-element elementor-element-ba3255d elementor-align-center elementor-widget elementor-widget-ibutton\" data-id=\"ba3255d\" data-element_type=\"widget\" data-e-type=\"widget\" data-widget_type=\"ibutton.default\">\n\t\t\t\t<div class=\"elementor-widget-container\">\n\t\t\t\t\t\t\t<div class=\"ot-button\">\r\n\t\t\t<a href=\"http:\/\/suleymankumbasar.com\/rinoplasti-kimlere-uygulanir\/\" class=\"octf-btn octf-btn-main\">Devam\u0131n\u0131 Oku<\/a>\r\n\t    <\/div>\r\n\t    \t\t\t\t<\/div>\n\t\t\t\t<\/div>\n\t\t\t\t\t<\/div>\n\t\t<\/div>\n\t\t\t\t<div class=\"elementor-column elementor-col-25 elementor-top-column elementor-element elementor-element-93a4e74 ot-flex-column-vertical elementor-invisible\" data-id=\"93a4e74\" data-element_type=\"column\" data-e-type=\"column\" data-settings=\"{&quot;animation&quot;:&quot;fadeIn&quot;}\">\n\t\t\t<div class=\"elementor-widget-wrap elementor-element-populated\">\n\t\t\t\t\t\t<div class=\"elementor-element elementor-element-8f77df4 elementor-widget elementor-widget-image\" data-id=\"8f77df4\" data-element_type=\"widget\" data-e-type=\"widget\" data-widget_type=\"image.default\">\n\t\t\t\t<div class=\"elementor-widget-container\">\n\t\t\t\t\t\t\t\t\t\t\t\t\t\t\t<img decoding=\"async\" width=\"200\" height=\"200\" src=\"https:\/\/suleymankumbasar.com\/wp-content\/uploads\/2022\/01\/burun-dolgusu.png\" class=\"attachment-large size-large wp-image-2350\" alt=\"\" srcset=\"https:\/\/suleymankumbasar.com\/wp-content\/uploads\/2022\/01\/burun-dolgusu.png 200w, https:\/\/suleymankumbasar.com\/wp-content\/uploads\/2022\/01\/burun-dolgusu-150x150.png 150w\" sizes=\"(max-width: 200px) 100vw, 200px\" \/>\t\t\t\t\t\t\t\t\t\t\t\t\t\t\t<\/div>\n\t\t\t\t<\/div>\n\t\t\t\t<div class=\"elementor-element elementor-element-dbbff58 elementor-widget elementor-widget-heading\" data-id=\"dbbff58\" data-element_type=\"widget\" data-e-type=\"widget\" data-widget_type=\"heading.default\">\n\t\t\t\t<div class=\"elementor-widget-container\">\n\t\t\t\t\t<h2 class=\"elementor-heading-title elementor-size-default\">Kemerli\u0307 Burun Ameli\u0307yatsiz D\u00fczelir Mi?<\/h2>\t\t\t\t<\/div>\n\t\t\t\t<\/div>\n\t\t\t\t<div class=\"elementor-element elementor-element-0739e0a elementor-widget elementor-widget-text-editor\" data-id=\"0739e0a\" data-element_type=\"widget\" data-e-type=\"widget\" data-widget_type=\"text-editor.default\">\n\t\t\t\t<div class=\"elementor-widget-container\">\n\t\t\t\t\t\t\t\t\t<p>Y\u00fcz\u00fcm\u00fcze en \u00f6nemli \u015fekli burnumuz verir. Estetik ameliyatlarla en \u00e7ok d\u00fczeltilen de \u015f\u00fcphesiz burun kusurlar\u0131d\u0131r. D\u0131\u015f g\u00f6r\u00fcn\u00fc\u015f\u00fcn en b\u00fcy\u00fck etkenlerinden biri olan yap\u0131s\u0131, bozuk oldu\u011fu ..<\/p>\t\t\t\t\t\t\t\t<\/div>\n\t\t\t\t<\/div>\n\t\t\t\t<div class=\"elementor-element elementor-element-e4827e7 elementor-align-center elementor-widget elementor-widget-ibutton\" data-id=\"e4827e7\" data-element_type=\"widget\" data-e-type=\"widget\" data-widget_type=\"ibutton.default\">\n\t\t\t\t<div class=\"elementor-widget-container\">\n\t\t\t\t\t\t\t<div class=\"ot-button\">\r\n\t\t\t<a href=\"http:\/\/suleymankumbasar.com\/kemerli-burun-ameliyatsiz-duzelir-mi\/\" class=\"octf-btn octf-btn-main\">Devam\u0131n\u0131 Oku<\/a>\r\n\t    <\/div>\r\n\t    \t\t\t\t<\/div>\n\t\t\t\t<\/div>\n\t\t\t\t\t<\/div>\n\t\t<\/div>\n\t\t\t\t<div class=\"elementor-column elementor-col-25 elementor-top-column elementor-element elementor-element-6c57c91 ot-flex-column-vertical elementor-invisible\" data-id=\"6c57c91\" data-element_type=\"column\" data-e-type=\"column\" data-settings=\"{&quot;animation&quot;:&quot;fadeIn&quot;}\">\n\t\t\t<div class=\"elementor-widget-wrap elementor-element-populated\">\n\t\t\t\t\t\t<div class=\"elementor-element elementor-element-ca23ae8 elementor-widget elementor-widget-image\" data-id=\"ca23ae8\" data-element_type=\"widget\" data-e-type=\"widget\" data-widget_type=\"image.default\">\n\t\t\t\t<div class=\"elementor-widget-container\">\n\t\t\t\t\t\t\t\t\t\t\t\t\t\t\t<img decoding=\"async\" width=\"200\" height=\"200\" src=\"https:\/\/suleymankumbasar.com\/wp-content\/uploads\/2022\/01\/burun-ucu-estetigi-nedir.jpg\" class=\"attachment-large size-large wp-image-2686\" alt=\"\" srcset=\"https:\/\/suleymankumbasar.com\/wp-content\/uploads\/2022\/01\/burun-ucu-estetigi-nedir.jpg 200w, https:\/\/suleymankumbasar.com\/wp-content\/uploads\/2022\/01\/burun-ucu-estetigi-nedir-150x150.jpg 150w\" sizes=\"(max-width: 200px) 100vw, 200px\" \/>\t\t\t\t\t\t\t\t\t\t\t\t\t\t\t<\/div>\n\t\t\t\t<\/div>\n\t\t\t\t<div class=\"elementor-element elementor-element-88295e5 elementor-widget elementor-widget-heading\" data-id=\"88295e5\" data-element_type=\"widget\" data-e-type=\"widget\" data-widget_type=\"heading.default\">\n\t\t\t\t<div class=\"elementor-widget-container\">\n\t\t\t\t\t<h2 class=\"elementor-heading-title elementor-size-default\">Burun Ucu Esteti\u011fi Nedir? Nas\u0131l Yap\u0131l\u0131r?<\/h2>\t\t\t\t<\/div>\n\t\t\t\t<\/div>\n\t\t\t\t<div class=\"elementor-element elementor-element-34a5f2e elementor-widget elementor-widget-text-editor\" data-id=\"34a5f2e\" data-element_type=\"widget\" data-e-type=\"widget\" data-widget_type=\"text-editor.default\">\n\t\t\t\t<div class=\"elementor-widget-container\">\n\t\t\t\t\t\t\t\t\t<p>Burun ucu, ki\u015fiden ki\u015fiye, ya\u015fa, \u0131rklara g\u00f6re farkl\u0131 \u00f6zellikler g\u00f6sterir. Burun ucu, bu organ\u0131n en dikkat \u00e7eken b\u00f6lgesidir. Dolay\u0131s\u0131yla bu b\u00f6lgede var olan g\u00f6r\u00fcn\u00fc\u015fsel problemler bireylerin g\u00f6r\u00fcn\u00fc\u015f\u00fcn\u00fc..<\/p>\t\t\t\t\t\t\t\t<\/div>\n\t\t\t\t<\/div>\n\t\t\t\t<div class=\"elementor-element elementor-element-572a3bd elementor-align-center elementor-widget elementor-widget-ibutton\" data-id=\"572a3bd\" data-element_type=\"widget\" data-e-type=\"widget\" data-widget_type=\"ibutton.default\">\n\t\t\t\t<div class=\"elementor-widget-container\">\n\t\t\t\t\t\t\t<div class=\"ot-button\">\r\n\t\t\t<a href=\"#\" class=\"octf-btn octf-btn-main\">Devam\u0131n\u0131 Oku<\/a>\r\n\t    <\/div>\r\n\t    \t\t\t\t<\/div>\n\t\t\t\t<\/div>\n\t\t\t\t\t<\/div>\n\t\t<\/div>\n\t\t\t\t<div class=\"elementor-column elementor-col-25 elementor-top-column elementor-element elementor-element-b105afa ot-flex-column-vertical elementor-invisible\" data-id=\"b105afa\" data-element_type=\"column\" data-e-type=\"column\" data-settings=\"{&quot;animation&quot;:&quot;fadeIn&quot;}\">\n\t\t\t<div class=\"elementor-widget-wrap elementor-element-populated\">\n\t\t\t\t\t\t<div class=\"elementor-element elementor-element-b5915ea elementor-widget elementor-widget-image\" data-id=\"b5915ea\" data-element_type=\"widget\" data-e-type=\"widget\" data-widget_type=\"image.default\">\n\t\t\t\t<div class=\"elementor-widget-container\">\n\t\t\t\t\t\t\t\t\t\t\t\t\t\t\t<img loading=\"lazy\" decoding=\"async\" width=\"200\" height=\"200\" src=\"https:\/\/suleymankumbasar.com\/wp-content\/uploads\/2022\/01\/kepce-kulak-nedir-nasil-yapilir.jpg\" class=\"attachment-large size-large wp-image-2687\" alt=\"\" srcset=\"https:\/\/suleymankumbasar.com\/wp-content\/uploads\/2022\/01\/kepce-kulak-nedir-nasil-yapilir.jpg 200w, https:\/\/suleymankumbasar.com\/wp-content\/uploads\/2022\/01\/kepce-kulak-nedir-nasil-yapilir-150x150.jpg 150w\" sizes=\"(max-width: 200px) 100vw, 200px\" \/>\t\t\t\t\t\t\t\t\t\t\t\t\t\t\t<\/div>\n\t\t\t\t<\/div>\n\t\t\t\t<div class=\"elementor-element elementor-element-a30daf4 elementor-widget elementor-widget-heading\" data-id=\"a30daf4\" data-element_type=\"widget\" data-e-type=\"widget\" data-widget_type=\"heading.default\">\n\t\t\t\t<div class=\"elementor-widget-container\">\n\t\t\t\t\t<h2 class=\"elementor-heading-title elementor-size-default\">Kep\u00e7e Kulak Nedir? Kep\u00e7e Kulak Tedavisi Ve Ameliyat\u0131<\/h2>\t\t\t\t<\/div>\n\t\t\t\t<\/div>\n\t\t\t\t<div class=\"elementor-element elementor-element-9943c91 elementor-widget elementor-widget-text-editor\" data-id=\"9943c91\" data-element_type=\"widget\" data-e-type=\"widget\" data-widget_type=\"text-editor.default\">\n\t\t\t\t<div class=\"elementor-widget-container\">\n\t\t\t\t\t\t\t\t\t<p>Kep\u00e7e kulak, kula\u011f\u0131n kep\u00e7e \u015feklindeki \u00e7\u0131k\u0131nt\u0131l\u0131 b\u00f6lesinde bulunan ve Y \u015feklini and\u0131ran k\u0131k\u0131rdak k\u0131vr\u0131m\u0131n\u0131n yeterli seviyede geli\u015fmemi\u015f olmas\u0131ndan ..<\/p>\t\t\t\t\t\t\t\t<\/div>\n\t\t\t\t<\/div>\n\t\t\t\t<div class=\"elementor-element elementor-element-e2f179b elementor-align-center elementor-widget elementor-widget-ibutton\" data-id=\"e2f179b\" data-element_type=\"widget\" data-e-type=\"widget\" data-widget_type=\"ibutton.default\">\n\t\t\t\t<div class=\"elementor-widget-container\">\n\t\t\t\t\t\t\t<div class=\"ot-button\">\r\n\t\t\t<a href=\"http:\/\/suleymankumbasar.com\/kepce-kulak-nedir-kepce-kulak-tedavisi-ve-ameliyati\/\" class=\"octf-btn octf-btn-main\">Devam\u0131n\u0131 Oku<\/a>\r\n\t    <\/div>\r\n\t    \t\t\t\t<\/div>\n\t\t\t\t<\/div>\n\t\t\t\t\t<\/div>\n\t\t<\/div>\n\t\t\t\t\t<\/div>\n\t\t<\/section>\n\t\t\t\t<section class=\"elementor-section elementor-top-section elementor-element elementor-element-9ccd9fe elementor-section-boxed elementor-section-height-default elementor-section-height-default\" data-id=\"9ccd9fe\" data-element_type=\"section\" data-e-type=\"section\">\n\t\t\t\t\t\t<div class=\"elementor-container elementor-column-gap-default\">\n\t\t\t\t\t<div class=\"elementor-column elementor-col-25 elementor-top-column elementor-element elementor-element-9ece7bc ot-flex-column-vertical elementor-invisible\" data-id=\"9ece7bc\" data-element_type=\"column\" data-e-type=\"column\" data-settings=\"{&quot;animation&quot;:&quot;fadeIn&quot;}\">\n\t\t\t<div class=\"elementor-widget-wrap elementor-element-populated\">\n\t\t\t\t\t\t<div class=\"elementor-element elementor-element-a0e7274 elementor-widget elementor-widget-image\" data-id=\"a0e7274\" data-element_type=\"widget\" data-e-type=\"widget\" data-widget_type=\"image.default\">\n\t\t\t\t<div class=\"elementor-widget-container\">\n\t\t\t\t\t\t\t\t\t\t\t\t\t\t\t<img loading=\"lazy\" decoding=\"async\" width=\"200\" height=\"200\" src=\"https:\/\/suleymankumbasar.com\/wp-content\/uploads\/2022\/01\/kulak-estetigi.png\" class=\"attachment-large size-large wp-image-2337\" alt=\"\" srcset=\"https:\/\/suleymankumbasar.com\/wp-content\/uploads\/2022\/01\/kulak-estetigi.png 200w, https:\/\/suleymankumbasar.com\/wp-content\/uploads\/2022\/01\/kulak-estetigi-150x150.png 150w\" sizes=\"(max-width: 200px) 100vw, 200px\" \/>\t\t\t\t\t\t\t\t\t\t\t\t\t\t\t<\/div>\n\t\t\t\t<\/div>\n\t\t\t\t<div class=\"elementor-element elementor-element-f8105d8 elementor-widget elementor-widget-heading\" data-id=\"f8105d8\" data-element_type=\"widget\" data-e-type=\"widget\" data-widget_type=\"heading.default\">\n\t\t\t\t<div class=\"elementor-widget-container\">\n\t\t\t\t\t<h2 class=\"elementor-heading-title elementor-size-default\">Kulak Esteti\u011fi Nedir? Neden Kulak Esteti\u011fine \u0130htiya\u00e7 Duyulur?<\/h2>\t\t\t\t<\/div>\n\t\t\t\t<\/div>\n\t\t\t\t<div class=\"elementor-element elementor-element-62f1084 elementor-widget elementor-widget-text-editor\" data-id=\"62f1084\" data-element_type=\"widget\" data-e-type=\"widget\" data-widget_type=\"text-editor.default\">\n\t\t\t\t<div class=\"elementor-widget-container\">\n\t\t\t\t\t\t\t\t\t<p>Kulakta, kulak esteti\u011fi ameliyat\u0131 gerektiren do\u011fumsal ya da edinsel nedenli bir\u00e7ok \u015fekil bozukluklar\u0131na rastlanabilir. Kula\u011f\u0131n do\u011fumsal olarak tam ya da k\u0131smi yoklu\u011fu, kulak \u00e7evresi ekstra k\u0131k\u0131rdak \u00e7\u0131k\u0131nt\u0131lar\u0131,<br \/>kula\u011f\u0131n b\u00fcz\u00fc\u015f\u00fck olmas\u0131, sivri ..<\/p>\t\t\t\t\t\t\t\t<\/div>\n\t\t\t\t<\/div>\n\t\t\t\t<div class=\"elementor-element elementor-element-348e60f elementor-align-center elementor-widget elementor-widget-ibutton\" data-id=\"348e60f\" data-element_type=\"widget\" data-e-type=\"widget\" data-widget_type=\"ibutton.default\">\n\t\t\t\t<div class=\"elementor-widget-container\">\n\t\t\t\t\t\t\t<div class=\"ot-button\">\r\n\t\t\t<a href=\"http:\/\/suleymankumbasar.com\/kulak-estetigi-nedir-neden-kulak-estetigine-ihtiyac-duyulur\/\" class=\"octf-btn octf-btn-main\">Devam\u0131n\u0131 Oku<\/a>\r\n\t    <\/div>\r\n\t    \t\t\t\t<\/div>\n\t\t\t\t<\/div>\n\t\t\t\t\t<\/div>\n\t\t<\/div>\n\t\t\t\t<div class=\"elementor-column elementor-col-25 elementor-top-column elementor-element elementor-element-896e5fb ot-flex-column-vertical elementor-invisible\" data-id=\"896e5fb\" data-element_type=\"column\" data-e-type=\"column\" data-settings=\"{&quot;animation&quot;:&quot;fadeIn&quot;}\">\n\t\t\t<div class=\"elementor-widget-wrap elementor-element-populated\">\n\t\t\t\t\t\t<div class=\"elementor-element elementor-element-70557d9 elementor-widget elementor-widget-image\" data-id=\"70557d9\" data-element_type=\"widget\" data-e-type=\"widget\" data-widget_type=\"image.default\">\n\t\t\t\t<div class=\"elementor-widget-container\">\n\t\t\t\t\t\t\t\t\t\t\t\t\t\t\t<img loading=\"lazy\" decoding=\"async\" width=\"200\" height=\"200\" src=\"https:\/\/suleymankumbasar.com\/wp-content\/uploads\/2022\/01\/revizyon-burun-estetigi-nedir.jpg\" class=\"attachment-large size-large wp-image-2674\" alt=\"\" srcset=\"https:\/\/suleymankumbasar.com\/wp-content\/uploads\/2022\/01\/revizyon-burun-estetigi-nedir.jpg 200w, https:\/\/suleymankumbasar.com\/wp-content\/uploads\/2022\/01\/revizyon-burun-estetigi-nedir-150x150.jpg 150w\" sizes=\"(max-width: 200px) 100vw, 200px\" \/>\t\t\t\t\t\t\t\t\t\t\t\t\t\t\t<\/div>\n\t\t\t\t<\/div>\n\t\t\t\t<div class=\"elementor-element elementor-element-f2c0d81 elementor-widget elementor-widget-heading\" data-id=\"f2c0d81\" data-element_type=\"widget\" data-e-type=\"widget\" data-widget_type=\"heading.default\">\n\t\t\t\t<div class=\"elementor-widget-container\">\n\t\t\t\t\t<h2 class=\"elementor-heading-title elementor-size-default\"> Revizyon Burun Esteti\u011fi Ameliyat\u0131n\u0131 Gerektiren Durumlar<\/h2>\t\t\t\t<\/div>\n\t\t\t\t<\/div>\n\t\t\t\t<div class=\"elementor-element elementor-element-7dbe9bf elementor-widget elementor-widget-text-editor\" data-id=\"7dbe9bf\" data-element_type=\"widget\" data-e-type=\"widget\" data-widget_type=\"text-editor.default\">\n\t\t\t\t<div class=\"elementor-widget-container\">\n\t\t\t\t\t\t\t\t\t<p>Revizyon burun esteti\u011fi, Estetik burun ameliyatlar\u0131 sonras\u0131nda burunda olu\u015fabilen e\u011filme, asimetri gibi anatomik problemler, burun t\u0131kan\u0131kl\u0131\u011f\u0131 gibi fonksiyonel sorunlar ya da olu\u015fan g\u00f6rsel sonucun arzu<br \/>edilen \u015fekilde olmamas\u0131 gibi..<\/p>\t\t\t\t\t\t\t\t<\/div>\n\t\t\t\t<\/div>\n\t\t\t\t<div class=\"elementor-element elementor-element-f6353cf elementor-align-center elementor-widget elementor-widget-ibutton\" data-id=\"f6353cf\" data-element_type=\"widget\" data-e-type=\"widget\" data-widget_type=\"ibutton.default\">\n\t\t\t\t<div class=\"elementor-widget-container\">\n\t\t\t\t\t\t\t<div class=\"ot-button\">\r\n\t\t\t<a href=\"http:\/\/suleymankumbasar.com\/revizyon-burun-estetigi-ameliyatini-gerektiren-durumlar\/\" class=\"octf-btn octf-btn-main\">Devam\u0131n\u0131 Oku<\/a>\r\n\t    <\/div>\r\n\t    \t\t\t\t<\/div>\n\t\t\t\t<\/div>\n\t\t\t\t\t<\/div>\n\t\t<\/div>\n\t\t\t\t<div class=\"elementor-column elementor-col-25 elementor-top-column elementor-element elementor-element-76827ff ot-flex-column-vertical elementor-invisible\" data-id=\"76827ff\" data-element_type=\"column\" data-e-type=\"column\" data-settings=\"{&quot;animation&quot;:&quot;fadeIn&quot;}\">\n\t\t\t<div class=\"elementor-widget-wrap\">\n\t\t\t\t\t\t\t<\/div>\n\t\t<\/div>\n\t\t\t\t<div class=\"elementor-column elementor-col-25 elementor-top-column elementor-element elementor-element-a17a939 ot-flex-column-vertical elementor-invisible\" data-id=\"a17a939\" data-element_type=\"column\" data-e-type=\"column\" data-settings=\"{&quot;animation&quot;:&quot;fadeIn&quot;}\">\n\t\t\t<div class=\"elementor-widget-wrap\">\n\t\t\t\t\t\t\t<\/div>\n\t\t<\/div>\n\t\t\t\t\t<\/div>\n\t\t<\/section>\n\t\t\t\t<\/div>\n\t\t","protected":false},"excerpt":{"rendered":"<p>Rinoplasti Kimlere Uygulan\u0131r? \u0130nsan y\u00fcz\u00fcndeki en dikkat \u00e7ekici organlardan biri olan burundaki yap\u0131sal bozukluklar, ki\u015finin sosyal ve psikolojik a\u00e7\u0131dan olumsuz etkilenmesinin yan\u0131 s\u0131ra \u00f6nemli sa\u011fl\u0131k sorunlar\u0131na da yol a\u00e7abilir. Devam\u0131n\u0131 Oku Kemerli\u0307 Burun Ameli\u0307yatsiz D\u00fczelir Mi? Y\u00fcz\u00fcm\u00fcze en \u00f6nemli \u015fekli burnumuz verir. Estetik ameliyatlarla en \u00e7ok d\u00fczeltilen de \u015f\u00fcphesiz burun kusurlar\u0131d\u0131r. D\u0131\u015f g\u00f6r\u00fcn\u00fc\u015f\u00fcn en b\u00fcy\u00fck [&hellip;]<\/p>\n","protected":false},"author":1,"featured_media":0,"parent":0,"menu_order":0,"comment_status":"closed","ping_status":"closed","template":"","meta":{"footnotes":""},"class_list":["post-1747","page","type-page","status-publish","hentry"],"_links":{"self":[{"href":"https:\/\/suleymankumbasar.com\/index.php?rest_route=\/wp\/v2\/pages\/1747","targetHints":{"allow":["GET"]}}],"collection":[{"href":"https:\/\/suleymankumbasar.com\/index.php?rest_route=\/wp\/v2\/pages"}],"about":[{"href":"https:\/\/suleymankumbasar.com\/index.php?rest_route=\/wp\/v2\/types\/page"}],"author":[{"embeddable":true,"href":"https:\/\/suleymankumbasar.com\/index.php?rest_route=\/wp\/v2\/users\/1"}],"replies":[{"embeddable":true,"href":"https:\/\/suleymankumbasar.com\/index.php?rest_route=%2Fwp%2Fv2%2Fcomments&post=1747"}],"version-history":[{"count":16,"href":"https:\/\/suleymankumbasar.com\/index.php?rest_route=\/wp\/v2\/pages\/1747\/revisions"}],"predecessor-version":[{"id":3243,"href":"https:\/\/suleymankumbasar.com\/index.php?rest_route=\/wp\/v2\/pages\/1747\/revisions\/3243"}],"wp:attachment":[{"href":"https:\/\/suleymankumbasar.com\/index.php?rest_route=%2Fwp%2Fv2%2Fmedia&parent=1747"}],"curies":[{"name":"wp","href":"https:\/\/api.w.org\/{rel}","templated":true}]}}